 -5. What are the prime factors of a?
2, 3, 37
Suppose 18 = 9*c - 9. Suppose -c*g = x - 491, -4*x - x - 316 = -2*g. Let t = 265 - g. List the prime factors of t.
2, 3, 17
Let f(c) = 379*c + 1653. What are the prime factors of f(18)?
3, 5, 113
Suppose 5*q - 4*q = -5*s + 11340, s = -q + 2272. Let t = s + -1569. List the prime factors of t.
2, 349
Suppose -260733 - 25980 = -37*x. List the prime factors of x.
3, 7, 41
Suppose 11*z - 27 = 8*z. Suppose -v + z = -i + 3, 5*v + 2 = -3*i. Suppose v*n + 3*m - 106 = -3*n, 5*m + 15 = 0. List the prime factors of n.
23
Let z be ((-288)/(-64))/((-2)/(-344)). Suppose -5*f = 4*q - 1928, 5*f - 3*f + 3*q - z = 0. What are the prime factors of f?
2, 3
Suppose -4*q - 3*w + 5*w - 406 = 0, -4*q + 4*w = 412. Suppose 5 = 2*a - 5, -2*y + 307 = 3*a. Let p = y + q. List the prime factors of p.
2, 23
Suppose -3*f = -21 + 12. Suppose f*z = 5*z - 414. Suppose -10*o = -7*o - z. List the prime factors of o.
3, 23
Let o(k) = -8622*k - 7025. List the prime factors of o(-6).
13, 19, 181
Let d = -18 - -7. Let r = -5 - d. List the prime factors of 40/(-25)*(-255)/r.
2, 17
Suppose 63*g - 510933 - 156831 = -133272. What are the prime factors of g?
2, 3, 7, 101
Let g(f) = f - 3. Let d be g(6). Suppose -1072 = -35*v + 538. Suppose -v - 188 = -d*y. List the prime factors of y.
2, 3, 13
Suppose -2*o + 0*o + 3*a = 33, -2*a + 55 = -5*o. Let g(b) = -2*b**2 - 21*b + 5. What are the prime factors of g(o)?
2
Suppose -58*j - 11*j = -324832 - 384971. What are the prime factors of j?
3, 127
Let x be ((-1)/2)/(2/36). Let a(v) = 3*v**2 + 19*v - 22. Let u be a(x). Let o = u - -28. What are the prime factors of o?
2, 3, 13
Suppose 4447 = -12*l + 23059. Suppose 5*x - l = -2*h, -h + 3*h - 2*x = 1544. What are the prime factors of h?
773
Let s be (-8)/2 + 1 + 5. Let h be 5*((3 - 4) + s). Suppose q + 12 = h*q. List the prime factors of q.
3
Let l(d) = 6*d**3 + 3*d**2 + 68*d - 15. What are the prime factors of l(8)?
3793
Let h(c) = 2559*c - 660. What are the prime factors of h(4)?
2, 3, 7, 19
Let g(p) = 6*p**3 + p**2 + 107. Let r(f) = f**2 + 48*f + 287. Let x be r(-41). List the prime factors of g(x).
107
Suppose -14794 = -b - 2473. What are the prime factors of b?
3, 37
Let t = 125 - 123. Suppose t*r = 0, -2*f + 3*r - r + 660 = 0. What are the prime factors of f?
2, 3, 5, 11
Let l = 1851 - 1227. Suppose -5*k - 5*i = -3165, -3*i = -k - 7*i + l. What are the prime factors of k?
2, 3, 53
Let r be (-77)/22*(0 - -4). Let h(s) = -s + 21. Let v be h(r). Suppose -4*g - 3*i = -55, g + 0*g + 5*i = v. What are the prime factors of g?
2, 5
Let p = 693 + -593. Suppose 3*w - 2613 = 2*n - p, -2*n + 2497 = 3*w. What are the prime factors of w?
5, 167
Let p = 34 + 122. Let k = 214 + p. List the prime factors of k.
2, 5, 37
Suppose 0 = 3*m + 4*q - 15769, 4*m - 2*q + 3*q = 21021. Suppose 31*r = -m + 48500. What are the prime factors of r?
3, 5, 31
Let x(b) = -2*b**3 + 5*b**2 - 15*b + 2479. List the prime factors of x(0).
37, 67
Suppose 0 = 4*t - 223 + 239, -2*g + 45160 = -5*t. List the prime factors of g.
2, 5, 37, 61
Suppose 555*n = 437*n + 4614626. List the prime factors of n.
39107
Suppose 65*m = 30*m - 56*m + 2067884. List the prime factors of m.
2, 13, 19, 23
Let w(f) = -78*f**2 - 4*f - 4. Let a be w(2). Let g = a - -484. List the prime factors of g.
2, 5
Let x(d) = 2*d**2 - 1 - 8 + 8*d + 19 + 1. Suppose -4*m + 2*z - 28 = 0, -m - 6 = m + z. What are the prime factors of x(m)?
3, 7
Suppose -17*w - 665 = -52*w. Suppose -o - 6 = -3*o. Suppose o*z - 17 - w = 0. List the prime factors of z.
2, 3
Let u be (1 - 18)/((-2)/4). Let c be u/10 - (-2)/(-20)*4. Suppose 83 = -2*r + c*r. List the prime factors of r.
83
Let p = -55 + 360. Suppose -m - 3*m = 856. Let r = m + p. What are the prime factors of r?
7, 13
Let f(s) = 1492*s**2 + 374 - 180 - 179 + 15*s. List the prime factors of f(-1).
2, 373
Let p = -2174 - -3260. Suppose -4*c - 8 = 0, 4*g + 2*c - p + 198 = 0. List the prime factors of g.
223
Let c(w) be the second derivative of w**4/2 - 14*w**2 - 154*w. List the prime factors of c(-11).
2, 349
Suppose -j + 2*z = 219, 134 - 799 = 3*j + 2*z. Let b = j - -592. What are the prime factors of b?
7, 53
Suppose -41*m + 46*m = 140. Let n = 10 - m. Let z(i) = i**3 + 18*i**2 - 7*i - 1. List the prime factors of z(n).
5
Suppose 3*r - 48 = -2*z, 0*z = -3*z + 9. Let c(i) = -r - 28*i**3 + 15*i**2 - 11 + 27*i**3 - 14*i + 0*i**2. List the prime factors of c(12).
239
Suppose m = -5*d - 59867, -11*m - 35913 = 3*d - 14*m. What are the prime factors of ((-4)/6)/(26/d)?
307
Let g be 2/11 - -3*(-106)/(-66). Suppose h - 2*n - 619 = -5*n, 4*h = -g*n + 2462. What are the prime factors of h?
613
Suppose 69*r + 92*r - 3215009 = 0. List the prime factors of r.
19, 1051
Suppose 11*k = 12*k - 5, 5*k - 77 = -4*y. List the prime factors of ((-153)/(-12))/((195/340)/y).
17
Let m = 50 + -48. Suppose m = -2*w + 10. Suppose w*f = 358 - 14. What are the prime factors of f?
2, 43
Suppose -2*s + 5*s + l = 7, -3*s + 5*l - 17 = 0. Let j(w) = 3*w + 68*w**2 + 0 - 6 - 9*w**2 + 3. What are the prime factors of j(s)?
59
List the prime factors of (-2)/((-10)/222*(15248/2540 - 6)).
3, 37, 127
Suppose 2*r - 4292 = -3*s, -10730 = -r - 4*r - 4*s. Suppose 7*x - r = 4*x - 2*l, x - l = 722. What are the prime factors of x?
2, 359
Suppose 23*s - 8*s - 387720 = -3*s. List the prime factors of s.
2, 3, 5, 359
Let c = 61245 + -27705. List the prime factors of c.
2, 3, 5, 13, 43
Suppose 428 = -0*d + 2*d + 2*w, 0 = -2*d - 4*w + 420. Let a = -17 + d. What are the prime factors of a?
3, 67
Suppose 0*w + w - 224 = 0. Let k = -115 + w. What are the prime factors of k?
109
Let y = 5224 - 2706. List the prime factors of y.
2, 1259
Let u = 84973 - 56978. What are the prime factors of u?
5, 11, 509
Let v(x) = -7*x + 104. Let y be v(15). Let a(u) = 95*u**2 - 2*u - 1. What are the prime factors of a(y)?
2, 3
Suppose -2*o = -4*f - 0*f + 92522, 5*o = f - 23108. List the prime factors of f.
3, 11, 701
Let y = -89 - -553. Suppose -1656 = -4*h - y. What are the prime factors of h?
2, 149
Let k = 32885 + -11401. List the prime factors of k.
2, 41, 131
Let y be (1 - -21)/((3 - 2)/2). Let a = -40 + y. Suppose 3*c + 3*l = a*c - 114, c = -l + 94. What are the prime factors of c?
3, 11
Let p be ((-10)/(-6))/((5/(-3))/5). Let g be p/15 - (-50)/6. Suppose 0 = -k + 5*f + 252, k = -g*f + 6*f + 231. What are the prime factors of k?
3, 79
Suppose 4*x + v - 142814 = 0, 2*v = -v - 18. List the prime factors of x.
5, 37, 193
Let i(g) = g**3 - 22*g**2 - 23*g + 5. Let y be i(23). Suppose -y*s - 16*u = -18*u - 2031, -4*s = 2*u - 1614. What are the prime factors of s?
3, 5
Let c(m) = m**3 - 6*m**2 - 5*m - 7. Let b be c(7). Suppose -b*o + 1792 = o. What are the prime factors of o?
2, 7
Suppose -407*f - 149 = -421*f + 1111. List the prime factors of f.
2, 3, 5
Let i be (-40)/(-2) + 6 + -13. Let b = 358 - i. What are the prime factors of b?
3, 5, 23
Suppose -966*n + 2898676 = -860*n. List the prime factors of n.
2, 11, 113
Let x = 49 - 43. Let t be 10/x*18/5. Let w(y) = 19*y + 6. List the prime factors of w(t).
2, 3, 5
Let r(b) = 87780*b**3 + 10*b**2 + 6*b - 18. What are the prime factors of r(1)?
2, 43889
Suppose -3*j - 1 = -4*r + 8, 0 = 2*r. Let u be (4 - j)*(-50)/(-35). Let y = u + 134. What are the prime factors of y?
2, 3
Suppose 0 = -3*k + 4*l - 589, -4*k + 2*l - 168 - 624 = 0. Suppose -2*d + 10 - 902 = -3*z, 0 = -3*d + 12. Let p = z + k. List the prime factors of p.
101
Suppose -i - 7 = -3*t, 4*t + 10 = -5*i + 51. Suppose 0 = -2*z + t, -4*d = 3*z - 149 - 1269. What are the prime factors of d?
353
Let t be (-3)/(-9)*-3 + 3. Let h(l) = 11*l**3 - l**2 - 2*l - 2. Let n be h(t). Let w = n - 39. List the prime factors of w.
3, 13
Let f be (0 - -1) + -3 - (4 + 19). Let v = 12 + f. What are the prime factors of ((-1)/3)/(v/1209)?
31
Let g(y) = -120*y - 38. Let f(u) = -60*u - 17. Let m(z) = -11*f(z) + 6*g(z). What are the prime factors of m(-6)?
11, 29
Let w(m) = 188*m**2 + 13*m + 2. Let k be w(2). Suppose -3*n - 5*a = -2323, -a - k = -n + 3*a. List the prime factors of n.
2, 97
List the prime factors of 1334242/(-390)*-15 + 2*-1.
3, 5, 11, 311
Suppose 3*y - 82 = 5*b, -b = -0*b + 2*y + 19. Let d(w) = 6*w**3 - 2*w - 14*w**3 + 8*w**3 + w**3 + 17*w**2 - 20. What are the